4 divide 127852308?
False
Does 14 divide 40033752?
False
Is 6 a factor of 6496470?
True
Is 250125304 a multiple of 38?
False
Is 663151352 a multiple of 50?
False
Does 21 divide 442266384?
True
Does 164 divide 230952346?
False
Is 1068275582 a multiple of 38?
False
Does 861 divide 74112524?
False
Is 871089854 a multiple of 754?
False
Is 1331862719 a multiple of 2805?
False
Is 17535152 a multiple of 474?
False
Is 1135103139 a multiple of 27?
True
Is 12 a factor of 4378636632?
True
Does 2549 divide 39721067?
True
Does 14 divide 1500103437?
False
Is 319421830 a multiple of 938?
True
Is 217 a factor of 29027008?
False
Does 23 divide 163540626?
True
Does 3948 divide 73799062?
False
Does 33 divide 45466971?
True
Is 48207916 a multiple of 102?
False
Does 644 divide 23741724?
False
Is 21013704 a multiple of 41?
False
Does 100 divide 174740500?
True
Does 19 divide 698979475?
False
Does 31 divide 7158365?
True
Is 2651181 a multiple of 20?
False
Is 732 a factor of 67843224?
True
Does 989 divide 60571794?
False
Does 396 divide 22878053?
False
Does 6 divide 15837494?
False
Does 193 divide 32562960?
True
Is 105125615 a multiple of 35?
True
Is 1813999124 a multiple of 22?
False
Does 661 divide 231510623?
True
Is 383 a factor of 53100652?
True
Is 1648580160 a multiple of 48?
True
Is 184953759 a multiple of 104?
False
Is 7749792 a multiple of 284?
True
Is 4 a factor of 495755162?
False
Does 74 divide 8724526?
True
Is 9630987 a multiple of 31?
True
Does 68 divide 9726288?
False
Is 2203 a factor of 64311706?
False
Is 1803 a factor of 392696485?
False
Is 12494575 a multiple of 25?
True
Is 33001176 a multiple of 26?
True
Does 1585 divide 278036219?
False
Is 124 a factor of 667970144?
True
Is 110698207 a multiple of 2908?
False
Is 18 a factor of 64841220?
True
Does 41 divide 23333105?
False
Does 307 divide 18559992?
True
Does 601 divide 22463762?
False
Is 13 a factor of 71985723?
False
Is 34345731 a multiple of 1094?
False
Does 299 divide 241356540?
False
Is 8 a factor of 22220390?
False
Is 3734974 a multiple of 5?
False
Does 169 divide 215702610?
False
Is 1074 a factor of 1219828794?
True
Does 332 divide 10408434?
False
Is 90697166 a multiple of 13?
False
Is 906 a factor of 131956000?
False
Does 4 divide 70885304?
True
Is 5 a factor of 17233024?
False
Is 49513200 a multiple of 363?
True
Is 3375183 a multiple of 312?
False
Is 10 a factor of 12083850?
True
Is 44 a factor of 164991552?
True
Does 40 divide 89068861?
False
Is 1560 a factor of 178019400?
True
Does 2620 divide 146450140?
True
Is 843 a factor of 13201380?
True
Is 2042 a factor of 1888861594?
False
Is 100325936 a multiple of 127?
True
Is 455993383 a multiple of 29?
False
Is 135124763 a multiple of 21?
False
Does 2 divide 35580761?
False
Is 95723626 a multiple of 727?
False
Does 8683 divide 3313951772?
False
Is 1737 a factor of 143210565?
False
Is 127 a factor of 7228205?
True
Is 2924 a factor of 414465304?
True
Is 410 a factor of 24720568?
False
Is 231 a factor of 6148120?
False
Is 466 a factor of 39828088?
True
Is 147614646 a multiple of 4?
False
Does 7854 divide 635993358?
True
Is 57 a factor of 20187737?
False
Is 432205954 a multiple of 37?
True
Is 559872960 a multiple of 6430?
True
Is 30140563 a multiple of 1423?
True
Does 3 divide 322437?
True
Is 107259547 a multiple of 3890?
False
Does 657 divide 25174269?
True
Is 22 a factor of 8656230?
True
Is 501427960 a multiple of 5170?
True
Is 651 a factor of 3843504?
True
Does 324 divide 15214933?
False
Is 13088660 a multiple of 52?
True
Is 18 a factor of 16095528?
True
Does 41 divide 227296289?
False
Is 116124811 a multiple of 97?
True
Is 3 a factor of 114412412?
False
Is 20694516 a multiple of 4?
True
Is 8434122 a multiple of 629?
False
Is 307 a factor of 396306034?
False
Does 7 divide 308639540?
False
Is 8089725 a multiple of 95?
True
Is 105 a factor of 23253720?
True
Does 298 divide 119598029?
False
Does 12 divide 42882395?
False
Is 1319 a factor of 239196143?
False
Is 39234503 a multiple of 1013?
True
Is 42111471 a multiple of 411?
True
Does 306 divide 27503330?
False
Is 55 a factor of 196945372?
False
Does 917 divide 58585524?
False
Is 42 a factor of 174662334?
True
Is 17 a factor of 157964544?
True
Does 545 divide 548636381?
False
Is 1551 a factor of 97070417?
False
Is 48341680 a multiple of 1264?
True
Is 1027 a factor of 27490736?
True
Is 57150695 a multiple of 13?
False
Does 14 divide 22365070?
True
Is 206668 a multiple of 671?
True
Is 5936673 a multiple of 25?
False
Is 68554212 a multiple of 43?
True
Does 94 divide 1334408692?
False
Is 223639275 a multiple of 25?
True
Is 442 a factor of 25797361?
False
Does 594 divide 26267558?
False
Is 52457513 a multiple of 63?
False
Does 2589 divide 641636871?
False
Does 5 divide 328712014?
False
Is 14817144 a multiple of 116?
True
Is 11 a factor of 5566330?
True
Does 12 divide 1209751344?
True
Is 1064863186 a multiple of 950?
False
Is 2 a factor of 102973034?
True
Is 34059862 a multiple of 58?
True
Is 34 a factor of 348169679?
False
Is 1272136169 a multiple of 47?
True
Does 626 divide 191322502?
True
Is 996927 a multiple of 239?
False
Is 3052264680 a multiple of 4715?
True
Does 449 divide 80860455?
False
Does 3409 divide 2122840185?
False
Does 9 divide 4028940?
True
Is 12 a factor of 1600448227?
False
Is 201 a factor of 6837681?
False
Is 8 a factor of 1290936?
True
Does 11 divide 829869?
False
Is 6919 a factor of 1159689776?
False
Is 455587963 a multiple of 96?
False
Is 2089374455 a multiple of 409?
True
Is 1620 a factor of 48679380?
True
Is 255 a factor of 350885481?
False
Is 81 a factor of 6797473?
False
Is 462991095 a multiple of 9?
True
Does 76 divide 2683260963?
False
Is 258 a factor of 460830828?
True
Is 21 a factor of 204172731?
True
Is 1977902089 a multiple of 989?
True
Is 12 a factor of 32166712?
False
Is 26 a factor of 1427588526?
True
Is 5166280 a multiple of 14?
True
Is 49832325 a multiple of 25?
True
Is 571 a factor of 3110075291?
False
Is 37565970 a multiple of 488?
False
Is 818 a factor of 1058144350?
True
Is 35869894 a multiple of 47?
False
Is 4 a factor of 25622282?
False
Does 500 divide 452037555?
False
Is 2151563610 a multiple of 3030?
True
Does 302 divide 153642198?
True
Does 4093 divide 97738807?
False
Is 201009360 a multiple of 38?
True
Is 9 a factor of 1625982695?
False
Is 7027266 a multiple of 62?
True
Is 13 a factor of 70770388?
True
Is 5508539 a multiple of 10?
False
Is 99633288 a multiple of 454?
False
Does 3 divide 84743979?
True
Is 664417663 a multiple of 29?
False
Does 454 divide 94391989?
False
Does 4328 divide 2815091336?
True
Is 5 a factor of 101638175?
True
Does 11 divide 14369055?
False
Does 286 divide 203916856?
True
Is 5114484 a multiple of 3?
True
Does 44 divide 5801287?
False
Is 28143161 a multiple of 182?
False
Is 1919689 a multiple of 25?
False
Is 230 a factor of 22621538?
False
Does 73 divide 2387100?
True
Is 456 a factor of 16188912?
True
Is 427173842 even?
True
Is 126214416 a multiple of 1026?
True
Is 412 a factor of 19696896?
True
Is 1206923 a multiple of 7?
False
Does 13 divide 1767289277?
True
Does 39 divide 9543339?
True
Does 12 divide 504598701?
False
Is 29 a factor of 87243687?
True
Is 237 a factor of 1809102291?
True
Is 200608196 a multiple of 1401?
False
Does 52 divide 13795153?
False
Is 214 a factor of 15580303?
False
Is 4099 a factor of 31904344?
False
Is 778 a factor of 60898728?
True
Does 16 divide 131946987?
False
Is 31 a factor of 45051881?
False
Is 570 a factor of 4757421?
False
Is 598 a factor of 67569774?
False
Does 2883 divide 88911720?
True
Is 140986194 a multiple of 95?
False
Does 10 divide 37954403?
False
Is 8018809 a multiple of 3?
False
Does 1584 divide 64069632?
True
Is 2350356545 a multiple of 15?
False
Is 669751711 a multiple of 400?
False
Does 12 divide 93276110?
False
Is 513329436 a multiple of 5364?
True
Does 7038 divide 18411408?
True
Does 15976 divide 5682850713?
False
Does 271 divide 8768601?
False
Is 45 a factor of 110560772?
False
Does 112 divide 69375712?
True
Is 144 a factor of 401528736?
True
Is 17 a factor of 177868435?
False
Is 162504849 a multiple of 401?
True
Does 208 divide 79097200?
True
Is 9 a factor of 20087847?
True
Is 125850719 a multiple of 7?
False
Is 42 a factor of 1154972238?
True
Is 10900943 a multiple of 542?
False